 1. Suppose 5*f + 96 = f + 4*u, -129 = 5*f + 4*u. Let y be f/(-10) + (-2)/(-4). What is the units digit of p(y)?
6
Suppose f = -5*k + 892, -14*k = 2*f - 15*k - 1773. What is the units digit of f?
7
Let g(h) be the first derivative of -h**4/4 - 2*h**3/3 + h**2 - 11*h + 3. What is the hundreds digit of g(-6)?
1
Suppose 3*a = 13 + 17. Let v be (1 - (-10)/(-4))*a. Let u = 27 + v. What is the tens digit of u?
1
Let o = 13 - 10. Suppose 0 = -o*q + q - 3*n + 8, 2*n = -4*q + 24. Suppose -q = -2*f + 35. What is the tens digit of f?
2
Suppose -4*y + 0*y = -2716. Suppose -k + y = 6*k. What is the units digit of k?
7
Suppose -19862 - 6775 = -13*g. What is the hundreds digit of g?
0
Let l = -244 + 162. Let k = l - -147. What is the units digit of k?
5
Suppose -b - 4*l = -5*b + 1436, 0 = 4*b + 2*l - 1466. What is the tens digit of b?
6
Suppose 5*j + 4689 = 14*j. What is the tens digit of j?
2
What is the tens digit of 50904/(-10 - -19) - 1?
5
Suppose -p = u - 715, 0 = 2*p - 11*u + 15*u - 1430. What is the tens digit of p?
1
Let d(s) = s**2 - 13*s - 5. Let c be d(14). Let m(x) = x**2 - 5 - 5 + c + x + 31*x**3. What is the units digit of m(1)?
2
Let d(v) = 5*v. Let f(j) = -4*j + 1. Let c(s) = -5*d(s) - 6*f(s). Let q be c(-6). Let a = q + 9. What is the units digit of a?
9
Let x be (-274)/(-4) + (-17)/(-34). Let m be (-9)/18 - x/2. Let q = -24 - m. What is the units digit of q?
1
Let g(t) = -t**2 + 3. Let q be g(5). Let b = 28 + q. What is the units digit of b?
6
What is the units digit of (4 - (-70)/(-20))/((-4)/(-37032))?
9
Let c(x) = 2*x**2 - x + 268. What is the thousands digit of c(32)?
2
Suppose -12*k + 3334 = -10694. What is the tens digit of k?
6
Let o = 392 - -275. What is the units digit of o?
7
Suppose -7*v - 32 + 11 = 0. Let k = -4 - v. What is the units digit of 21/(-14)*2/k?
3
Suppose -3*j + 1126 = -j. What is the units digit of j?
3
Let k be (-5)/(-10)*-2 + 6. Suppose -5*v - 15 = 4*g, -k*v + 4*g + 39 = 14. What is the units digit of v?
1
Let q(x) = -x**3 - x**2 - x - 10. Let l be q(0). Let i(m) be the third derivative of -m**5/60 - 5*m**4/12 + 5*m**3/3 + 15*m**2. What is the tens digit of i(l)?
1
Suppose -22 = -2*f + 3*m - 5*m, -m = -5. Suppose h = -5*j + 85, -h + f*h - 512 = 4*j. What is the hundreds digit of h?
1
What is the tens digit of 5*4/40*-10 - -495?
9
Let g = 1 + -13. Let n(x) = -x - 22. Let a be n(g). What is the units digit of (-6)/a - (-360)/25?
5
Let i = 20 - 8. Let m = 37 - i. What is the tens digit of m?
2
What is the thousands digit of (((-17974)/4)/19)/(1/(-10))?
2
Let t = 7 - 112. Let k be (-4)/(-5)*t/(-14). Let j(g) = g + 7. What is the tens digit of j(k)?
1
Suppose -4*b = -5*q - 1040, 10*q = -2*b + 7*q + 520. What is the hundreds digit of b?
2
Let o(w) = 6*w**2 - 45. What is the hundreds digit of o(-17)?
6
Let m = 37 - 17. Suppose -16*o + m*o - 200 = 0. What is the tens digit of o?
5
Let j(s) = -s**3 - 11*s**2 + s + 15. Let p be j(-11). Suppose -82 = -2*a - 4*b, 0*a = -p*a - 5*b + 173. What is the tens digit of a?
4
Suppose 0 = 4*k + 9 - 21. Suppose 25 = 5*d, -9 = -w - w - k*d. Let v(b) = -2*b**3 - 3*b**2 + 2*b + 2. What is the tens digit of v(w)?
2
Let b(n) = 2*n + 1. Let h be b(1). Suppose t + k - 29 = -h*k, -2*k - 2 = 0. What is the tens digit of t?
3
Let q(h) = 3*h - 41. Let x be q(17). What is the units digit of ((186/10)/(2/x))/1?
3
Suppose -45*x = 6102 - 46692. What is the hundreds digit of x?
9
Suppose 36*s = 32*s - 2*k + 12646, k = 4*s - 12643. What is the units digit of s?
1
Suppose -4*y + 5*s + 6069 + 13127 = 0, -s = -2*y + 9604. What is the tens digit of y?
0
Suppose -19*k + 17*k = -6. Suppose -k*t = 2*t - 715. Suppose t = 2*l + 41. What is the units digit of l?
1
Let o(r) = 407*r**2 - 403*r**2 + 1 + 9*r + 4. What is the tens digit of o(-4)?
3
What is the hundreds digit of (-3230472)/(-3969) - (-4)/54?
8
Suppose -2*u - 2 = -2*q, 2*u - q - 4 + 2 = 0. Suppose -3*x - 599 = -u*z - z, 5*z - 744 = -x. What is the hundreds digit of z?
1
Let n(a) = 2*a - 2. Suppose 2*p + p - 9 = 0. Let q be n(p). Suppose -q*m + 22 = -5*v + 77, m - 30 = -5*v. What is the units digit of v?
7
Let z = 223 - 80. Suppose -h = 0, 4*f - z - 489 = -2*h. What is the tens digit of f?
5
Let d be (-1)/(-2)*6 - 1. Let n be 0/((-7)/(7/d)). Suppose 2*q - 85 = -n*h + 3*h, 2*q - h = 87. What is the tens digit of q?
4
Let o = 9671 + -4626. What is the thousands digit of o?
5
Suppose 0 = -5*l + 5*f + 6465, -3*l - 8*f + 3839 = -3*f. What is the units digit of l?
8
Let j(r) = -32*r - 70. What is the hundreds digit of j(-7)?
1
Let d be (-2)/3 - 345/(-45). Let f(j) = -j**3 + 8*j**2 + 8*j - 17. What is the tens digit of f(d)?
8
Suppose 0 = 2*w - 16 + 6. Suppose 4*y = -y - 4*f + 40, -15 = -w*y + f. Suppose y = 2*r - 2, -5*d + 3*r + 16 = 0. What is the units digit of d?
5
Suppose -20624 = k - 17*k. What is the tens digit of k?
8
Let s(c) = -c - 7. Let q be s(-7). Let n = 8 - -20. Let o = q + n. What is the units digit of o?
8
What is the units digit of (-2)/3 + 435*126/81?
6
Let b(k) = 6*k + 62. Let a be b(15). Suppose -4*i - 48 = -a. What is the units digit of i?
6
Suppose v = -1, -n + 5 = -2*v - 1. Let d be 8/5 + 8/20. Suppose -d*x - 3*x - n*l + 99 = 0, 0 = -x - 4*l + 23. What is the tens digit of x?
1
Let m = -32 - -41. Suppose -m*k = -382 - 32. What is the tens digit of k?
4
Suppose 2*s - 6 = -22. Let b = -1 - s. Let k(d) = 5*d + 8. What is the tens digit of k(b)?
4
Let y(q) = 2339*q + 26. What is the units digit of y(1)?
5
Suppose 5*c = -0*c + 200. Suppose -15 - c = -k. What is the units digit of k?
5
Suppose -13*h = -12*h + 128. Let y = h - -292. What is the units digit of y?
4
What is the tens digit of (-10 - 63)/(-2*1/22)?
0
Let k = 11743 - 7783. What is the thousands digit of k?
3
Let u(n) = 39*n**2 + 9*n - 103. What is the hundreds digit of u(-9)?
9
Suppose -3*l = -0*l - 6, 0 = 4*g - l + 42. Let w be (1 + 3 - 3)*-3. Let y = w - g. What is the units digit of y?
7
What is the units digit of (-2 - 1851/6)/((-56)/112)?
1
Let b = -2114 - -3687. What is the tens digit of b?
7
Suppose 3*m + 88 = 2*o, -5*o - 65 = 2*m - 0*o. What is the tens digit of (27/(-15))/(m/200)?
1
What is the hundreds digit of 2 + 16/(-6) - 1436/(-3)?
4
Let l be (21/14)/(2/4). Suppose l = -m + 4*m. Let d(t) = 21*t - 1. What is the tens digit of d(m)?
2
Let r be 3*(-20)/24*(-4)/2. Suppose 0 = r*f - 943 - 547. What is the hundreds digit of f?
2
Let f(w) = w**2 - 18. Let z be f(9). Let b = 164 + z. What is the tens digit of b?
2
Let o(q) = -q**3 + 12*q**2 - 12*q + 12. Suppose 21 = 5*t - 2*t - 3*m, -t - 9 = -5*m. Let r be o(t). Let v(i) = 35*i**2 + 1. What is the units digit of v(r)?
6
What is the tens digit of ((-52)/(-65))/((-2)/(-1515))?
0
Let p = 112 + -65. What is the units digit of p?
7
Suppose -1019 - 1183 = -2*f. What is the hundreds digit of f?
1
Let j(g) = 84*g**3 + g**2 - 10*g + 2. What is the thousands digit of j(3)?
2
Let s(g) = 2*g**3 - 3*g**2 + 7*g + 5. Let l be s(6). Suppose 2*u = 3*x - 564, 5*u - 2*u + l = 2*x. What is the hundreds digit of x?
1
Let f(m) = 11*m**2 + 10. Let g be f(-5). Suppose 2*z - g = -2*z + s, 2*s = 6. What is the units digit of z?
2
Let o(n) = -5*n + 7*n - 5*n - n**3 + 5*n**2. Let a be o(4). Let h(t) = -t**3 + 3*t**2 + 10*t - 3. What is the units digit of h(a)?
1
Let s be 120/(-28) - (1 - (-36)/(-28)). What is the units digit of (s/6)/(14/(-483))?
3
Suppose 156*d - 139*d = 4420. What is the tens digit of d?
6
Suppose -9*l + 10*l + 22 = 5*v, l + 4*v = 23. Suppose -191 = -3*b - 3*q + 64, l*b = -2*q + 251. What is the units digit of b?
1
Suppose 0 = -6*z + 2*z + 1392. What is the hundreds digit of z?
3
Suppose -19*z = -7*z + 1392. What is the units digit of (z/(-4))/(3 + 10/(-4))?
8
What is the hundreds digit of 443/(5 + 1 - 5)?
4
Let l(j) = 307*j**2 - 1. Let b be l(1). Suppose -2*o = n - 83, -5*n + b + 120 = -o. What is the units digit of n?
5
Let z = 52 + -47. Suppose 3*k = z*q + 534, 11*q - 7*q - 744 = -4*k. What is the tens digit of k?
8
Let i(c) = 6*c - 1. Let a be i(1). Suppose -8*o = -a*o - 357. What is the hundreds digit of o?
1
Suppose -2*m + 92 = -136. Suppose -4 = 5*q - m. What is the units digit of q - (1 - 0/(-1))?
1
Suppose -l + 2844 = 8*l. What is the tens digit of l?
1
Suppose 2*u - 5*a - 26 = 0, -u + 5*a = -7 - 11. Let k(n) = -n**3 + 10